 divisor of 243585554 and 85?
17
Calculate the highest common factor of 2290 and 38553524.
458
What is the highest common divisor of 1176 and 7112868?
84
Calculate the highest common factor of 36731868 and 9.
3
Calculate the highest common divisor of 1790207 and 10297.
1471
What is the highest common divisor of 128 and 68267200?
64
Calculate the greatest common factor of 6099102 and 36.
18
What is the greatest common factor of 8823835 and 1955?
115
Calculate the highest common divisor of 3240615170 and 13.
13
Calculate the highest common factor of 365112 and 22404.
12
What is the highest common factor of 1071315 and 10102680?
5985
What is the greatest common divisor of 1042062 and 4128?
258
What is the greatest common divisor of 64 and 3281752?
8
What is the highest common factor of 471912 and 16912989?
8427
What is the highest common divisor of 56 and 1993474?
14
What is the greatest common divisor of 13 and 2128450?
1
What is the highest common divisor of 16027 and 3775886?
47
Calculate the greatest common factor of 842068 and 36549.
131
What is the highest common divisor of 70398920 and 16?
8
What is the highest common factor of 10151646 and 42030?
2802
Calculate the greatest common factor of 12836080 and 32.
16
Calculate the greatest common divisor of 10374503 and 5207.
127
What is the greatest common factor of 2030 and 2524160?
290
What is the highest common divisor of 57877610 and 10?
10
Calculate the highest common divisor of 13153244 and 133.
19
Calculate the highest common divisor of 10112 and 1131135904.
2528
What is the highest common divisor of 34716 and 31482?
66
Calculate the highest common factor of 201 and 3778733.
67
Calculate the highest common factor of 2463955 and 7085.
65
What is the highest common divisor of 348 and 4382748?
12
Calculate the greatest common factor of 1237719 and 5712.
357
What is the highest common factor of 2544 and 805296?
48
Calculate the highest common divisor of 2574600 and 898045.
3065
Calculate the highest common divisor of 28 and 6148572.
4
What is the greatest common factor of 88 and 12289266?
22
What is the greatest common divisor of 1656365 and 7453?
257
Calculate the highest common divisor of 56585249 and 931.
931
What is the highest common factor of 5432442 and 798?
114
Calculate the greatest common divisor of 1229769 and 513.
27
Calculate the greatest common divisor of 336592 and 3853824.
3088
Calculate the greatest common divisor of 8968 and 23178.
2
Calculate the greatest common divisor of 1653917990 and 30.
10
What is the highest common factor of 212254 and 13888?
14
Calculate the highest common factor of 12 and 46248348.
12
What is the highest common divisor of 1892348 and 4851068?
6164
What is the greatest common factor of 25375 and 8327375?
875
Calculate the highest common factor of 3848 and 205897304.
296
What is the highest common divisor of 135270 and 37665?
405
Calculate the greatest common factor of 34006494 and 204.
102
What is the greatest common divisor of 2278 and 1142672?
34
Calculate the highest common factor of 3787803 and 1389.
1389
Calculate the highest common factor of 420 and 137640.
60
What is the greatest common factor of 230148 and 83502?
18
What is the highest common divisor of 2126232 and 162?
18
What is the highest common divisor of 355690 and 26?
2
What is the greatest common factor of 1664 and 13212576?
416
What is the greatest common divisor of 3430032 and 48336?
912
What is the highest common divisor of 874 and 9106896?
46
What is the highest common factor of 480 and 154340?
20
What is the greatest common factor of 1408 and 506696?
8
What is the highest common divisor of 11630268 and 564?
12
Calculate the greatest common factor of 118314 and 49410.
54
What is the greatest common factor of 1188545 and 10450?
95
What is the highest common divisor of 78925 and 4532143?
77
What is the greatest common factor of 39958250 and 5?
5
What is the greatest common factor of 341578 and 3124046?
1466
What is the greatest common divisor of 30305 and 4142380?
1045
Calculate the highest common factor of 565234 and 9.
1
Calculate the greatest common factor of 365 and 25691693.
73
What is the greatest common divisor of 1891486 and 10258?
446
What is the highest common factor of 940 and 589620?
20
What is the greatest common factor of 163520 and 2560?
320
What is the highest common divisor of 390180 and 1820?
140
What is the greatest common divisor of 36848 and 527632?
784
What is the greatest common factor of 107068544 and 640?
128
What is the highest common factor of 28419356 and 413?
413
What is the highest common divisor of 26350 and 1365085?
155
What is the greatest common divisor of 21 and 999618?
3
Calculate the greatest common divisor of 2271 and 24792.
3
Calculate the greatest common divisor of 15028 and 3126980.
1156
What is the highest common factor of 8333 and 347139319?
641
Calculate the greatest common factor of 2354231 and 1177.
11
Calculate the highest common factor of 10531624 and 468136.
2872
What is the highest common factor of 715 and 30160273?
143
What is the highest common divisor of 5723159 and 29003?
299
Calculate the highest common factor of 6236 and 784507508.
6236
What is the greatest common divisor of 163939 and 22852173?
2309
What is the greatest common factor of 790 and 72883820?
790
What is the highest common divisor of 146 and 252643802?
146
What is the highest common divisor of 23433 and 423399?
321
What is the highest common factor of 123689 and 54058?
179
Calculate the greatest common divisor of 569619 and 158337.
657
Calculate the greatest common divisor of 19205733 and 102.
51
Calculate the highest common factor of 197197 and 272272.
1001
Calculate the greatest common factor of 5601051 and 957309.
5289
What is the greatest common factor of 327000810 and 870?
870
What is the highest common divisor of 23 and 577987?
1
What is the greatest common factor of 2335066 and 6169?
199
Calculate the highest common factor of 2624 and 592040.
328
What is the greatest common factor of 260 and 30785820?
260
Calculate the highest common factor of 267108 and 786.
6
What is the highest common divisor of 60237 and 862569?
621
What is the highest common factor of 6637185 and 69915?
1185
What is the greatest common divisor of 95 and 88586094?
19
Calculate the greatest common factor of 77 and 1456554.
11
What is the greatest common divisor of 638 and 8755142?
22
What is the highest common divisor of 544 and 681248?
32
What is the greatest common divisor of 27112 and 60664?
8
What is the highest common divisor of 415580 and 32890?
110
Calculate the greatest common divisor of 9228648 and 299.
13
What is the greatest common factor of 1120675 and 46?
23
Calculate the greatest common divisor of 8424 and 15957.
81
Calculate the greatest common factor of 3418 and 1767957082.
3418
Calculate the highest common factor of 8660542 and 3344.
418
Calculate the greatest common divisor of 21088974 and 9462.
114
Calculate the greatest common divisor of 612 and 12421424.
68
Calculate the greatest common factor of 75986626 and 3716.
1858
Calculate the highest common divisor of 2190008 and 748.
68
Calculate the highest common factor of 136808 and 87416.
392
What is the highest common factor of 8117600 and 57824?
4448
What is the greatest common factor of 308112316 and 4?
4
What is the highest common divisor of 76928 and 1471936?
64
What is the greatest common divisor of 6448 and 36014560?
496
Calculate the greatest common factor of 338046 and 2596062.
3282
What is the greatest common divisor of 266484 and 53424?
636
Calculate the greatest common factor of 177 and 265109833.
59
Calculate the highest common factor of 140432 and 6691480.
1048
Calculate the highest common divisor of 143 and 32869254.
11
Calculate the highest common divisor of 1740 and 5061080.
580
Calculate the greatest common factor of 23 and 470333325.
23
Calculate the highest common factor of 23058 and 2563098.
366
What is the greatest common divisor of 24203126 and 1426?
62
What is the greatest common divisor of 1050517907 and 731?
731
Calculate the highest common factor of 24601260 and 705.
15
Calculate the highest common factor of 11745 and 35118420.
435
What is the highest common factor of 15543 and 15809115?
4